n base 2, what is -11110100000000 - 1100?
-11110100001100
In base 14, what is -5 - 29a?
-2a1
In base 8, what is -56073 - 2?
-56075
In base 15, what is 56b - 10b?
460
In base 8, what is -10 + -62076?
-62106
In base 6, what is -505413 - 22?
-505435
In base 8, what is -6006 + 455?
-5331
In base 3, what is 1200 - 111101001?
-111022101
In base 8, what is -75 + 1046?
751
In base 10, what is -354 - -38?
-316
In base 16, what is 31de + -5?
31d9
In base 6, what is -4 - 14130530?
-14130534
In base 2, what is 100 + 1000101010101001110?
1000101010101010010
In base 5, what is -322241 + -323?
-323114
In base 3, what is -110 - -22012210?
22012100
In base 5, what is -133424421 - -2?
-133424414
In base 12, what is 4 - -26b3ab?
26b3b3
In base 2, what is -101110010010 + 1111100?
-101100010110
In base 2, what is 11110101 - -1001?
11111110
In base 9, what is -5 + 172051?
172045
In base 4, what is -2211000210 + 10?
-2211000200
In base 13, what is -70b0 + -29?
-7109
In base 6, what is -14 - -2125133?
2125115
In base 6, what is 1 + 250322?
250323
In base 3, what is -22101201022 + 0?
-22101201022
In base 14, what is 6 + -1d62?
-1d5a
In base 13, what is 4 - 9cc0?
-9cb9
In base 6, what is 204343 - -3?
204350
In base 14, what is -4a - 15734?
-15780
In base 13, what is -447a - c?
-4489
In base 9, what is -235 - -20?
-215
In base 12, what is -21a07 + -2?
-21a09
In base 11, what is 48a03 - 23?
48990
In base 14, what is 4 - 2a1ba?
-2a1b6
In base 16, what is -1 - a6134?
-a6135
In base 15, what is c24 + -e?
c15
In base 6, what is -21 - 114125?
-114150
In base 2, what is 100 - -11000001001110111?
11000001001111011
In base 5, what is 1302114 - -40?
1302204
In base 8, what is 640 + -37?
601
In base 3, what is 1 + 112010102210?
112010102211
In base 2, what is -100 + -100001111100001010?
-100001111100001110
In base 9, what is 14237 - -14?
14252
In base 11, what is -1a7674 - -1?
-1a7673
In base 7, what is 115311 + 1?
115312
In base 6, what is 150200244 + -4?
150200240
In base 8, what is -7471 - 3?
-7474
In base 14, what is 530511 + 5?
530516
In base 7, what is -4 + -4036?
-4043
In base 16, what is -7 - -fd6?
fcf
In base 7, what is -42345 + -4?
-42352
In base 2, what is -1001 + 100010001010001?
100010001001000
In base 5, what is 342240144 + -4?
342240140
In base 10, what is -5702 + -10?
-5712
In base 4, what is -123132 + 0?
-123132
In base 7, what is 1 + -5512?
-5511
In base 11, what is 1099 + 14?
1102
In base 6, what is -312003 + -2?
-312005
In base 15, what is 0 + -113860?
-113860
In base 12, what is -3a34 - 1?
-3a35
In base 2, what is -111100111101000 - 11?
-111100111101011
In base 11, what is -335 + 1269?
a34
In base 12, what is 20898a - 6?
208984
In base 16, what is 6200 - 38?
61c8
In base 11, what is 5283 + 6?
5289
In base 7, what is -560661 - 1?
-560662
In base 11, what is -112941 + 1?
-112940
In base 13, what is 4 - 102403?
-1023cc
In base 10, what is 5 + -5247?
-5242
In base 13, what is 3 - -1a535?
1a538
In base 9, what is 10654 - 8?
10645
In base 6, what is 40310 + 53?
40403
In base 8, what is 416 - -104?
522
In base 11, what is 426 - -20?
446
In base 4, what is -202210 - -11110?
-131100
In base 13, what is 0 + -8a909?
-8a909
In base 10, what is 7 - 1592?
-1585
In base 4, what is -1232 + 11230?
3332
In base 14, what is -1 + -4338?
-4339
In base 13, what is 14c + a179?
a2c8
In base 8, what is 1655721 - -3?
1655724
In base 8, what is -23 + -7400?
-7423
In base 15, what is -d555 - -3?
-d552
In base 14, what is 23d + -7b?
1a2
In base 11, what is 91 + -3585?
-34a4
In base 11, what is -44989 + -49?
-44a27
In base 14, what is 1a0 + -92d?
-76d
In base 12, what is 6a - 1a81?
-1a13
In base 12, what is 2167 - 8b?
2098
In base 4, what is -2102 + -3333212?
-10001320
In base 6, what is -1 + -2020101?
-2020102
In base 12, what is -3b0285 + -6?
-3b028b
In base 16, what is 236e - e?
2360
In base 8, what is 47 - 1451?
-1402
In base 2, what is 110111001 + -100111111?
1111010
In base 6, what is -200325 + 5?
-200320
In base 13, what is -7 + -40ab?
-40b5
In base 10, what is 623 - 243?
380
In base 4, what is 11031 - 222232?
-211201
In base 12, what is 221b3 - 0?
221b3
In base 6, what is 43352 - 1?
43351
In base 13, what is -20a56c - -2?
-20a56a
In base 9, what is 38674 + -4?
38670
In base 9, what is 730 + -236?
483
In base 9, what is -3 - 1287517?
-1287521
In base 8, what is 1051 + -2?
1047
In base 9, what is 25755 + 7?
25763
In base 8, what is -5751 + 26?
-5723
In base 4, what is 113 + 21033?
21212
In base 16, what is -86e0 + 5?
-86db
In base 12, what is 150 + -1956?
-1806
In base 9, what is -225 - 366?
-602
In base 14, what is -25 - b91?
-bb6
In base 12, what is -13 - -1135?
1122
In base 9, what is 4 - 4810?
-4805
In base 12, what is -3 + -9889?
-9890
In base 12, what is -9 - -1a8?
19b
In base 9, what is 214 - 4372?
-4157
In base 6, what is -13 - -4534222?
4534205
In base 14, what is 5 - 1978?
-1973
In base 4, what is 120333012 - 1?
120333011
In base 9, what is 6 - -5474?
5481
In base 8, what is 204315 - -4?
204321
In base 12, what is -55 - -2b9?
264
In base 9, what is 48722 - 13?
48708
In base 12, what is -10 + 180b?
17bb
In base 14, what is 1 + 1180a?
1180b
In base 6, what is -120431522 - 4?
-120431530
In base 12, what is 2 - 2477?
-2475
In base 5, what is -400232 + -23?
-400310
In base 6, what is 4 + 5354?
5402
In base 10, what is -703 + 0?
-703
In base 7, what is -34024 + -11?
-34035
In base 8, what is -513 + 4661?
4146
In base 2, what is -101001010 + 1010100110?
101011100
In base 14, what is -6 + 4861?
4859
In base 6, what is 122 - 1030?
-504
In base 16, what is 3 - -1c94b?
1c94e
In base 8, what is -2 - 274062?
-274064
In base 15, what is -58 + 570?
517
In base 3, what is -11 - -101221001201?
101221001120
In base 10, what is -350470 + 2?
-350468
In base 14, what is -caac82 + 5?
-caac7b
In base 10, what is -5 + -11768?
-11773
In base 16, what is 87d70 - -1?
87d71
In base 12, what is 7355 + -19?
7338
In base 11, what is -1102 - -815?
-398
In base 11, what is -19584 + 165?
-1941a
In base 9, what is -126 - 3430?
-3556
In base 15, what is 79 - 2db?
-262
In base 9, what is 2 + -41646?
-41644
In base 3, what is -10 - 212102212?
-212102222
In base 4, what is -2010133 - -100?
-2010033
In base 2, what is -11001010001 - -101010011?
-10011111110
In base 8, what is 142634 + -113?
142521
In base 5, what is -2004 - -1020?
-434
In base 7, what is -2 + -111306?
-111311
In base 4, what is 22210310 + 10?
22210320
In base 4, what is -2302313 - 12?
-2302331
In base 4, what is 3030 + -103022?
-33332
In base 7, what is -341633 - -5?
-341625
In base 4, what is 10 + -1130303?
-1130233
In base 6, what is -233 + -153?
-430
In base 3, what is -11222121 - 10?
-11222201
In base 16, what is -1e06a - -2?
-1e068
In base 12, what is 2 + -71b4?
-71b2
In base 13, what is 3 - -1018?
101b
In base 8, what is -32 + -16154?
-16206
In base 3, what is 1002102200210 + 0?
1002102200210
In base 13, what is 2001cc - 9?
2001c3
In base 11, what is 7 + -41?
-35
In base 11, what is 77 + -625a?
-6193
In base 16, what is -2 - 2a2?
-2a4
In base 14, what is 2 - 3226b?
-32269
In base 8, what is -30 - -31532?
31502
In base 9, what is -1158527 + 4?
-1158523
In base 2, what is -10010001001 - -10000011010?
-1101111
In base 10, what is 4 - -10562?
10566
In base 7, what is -2 + 212346?
212344
In base 10, what is -2836652 + -4?
-2836656
In base 8, what is -426 - -53?
-353
In base 6, what is 203525 - -5?
203534
In base 9, what is -2011 + -1728?
-3740
In base 9, what is 0 - 4305?
-4305
In base 13, what is 4 - 704ac?
-704a8
In base 16, what is 46 - -155c?
15a2
In base 14, what is 4 - c48c0?
-c48ba
In base 13, what is -3 - 5915a?
-59160
In base 11, what is -5 + aa5774?
aa576a
In base 6, what is 0 - 13210?
-13210
In base 3, what is 102211010011220 + 1?
102211010011221
In base 13, what is 733cb3 - 1?
733cb2
In base 3, what is 1220 - -2022000211?
2022002201
In base 8, what is 1431 + -45?
1364
In base 2, what is 1001001010 + -1001101?
111111101
In base 14, what is -4 + 550a?
5506
In base 7, what is 560 - 15465?
-14605
In base 2, what is 0 - -1111001110101010?
1111001110101010
In base 15, what is 1817 - e?
1808
In base 11, what is 3a48 - -8?
3a55
In base 3, what is -1000020 + -10021000?
-11021020
In base 3, what is 11 - -21111010?
21111021
In base 14, wha